 + 27. What is s(16)?
-5
Let h(x) = -x + 9. What is h(6)?
3
Let l(b) = -15*b - 34. What is l(-2)?
-4
Let n(m) = -m**2 - 24*m - 63. What is n(-21)?
0
Let x(b) = 8*b**2 - 3*b + 2. Calculate x(1).
7
Let z(l) = -3*l - 8. What is z(-4)?
4
Let t(f) = -f**2 + 2*f + 23. What is t(-6)?
-25
Let l(r) = r**3 - 7*r**2 + 2*r. Calculate l(6).
-24
Let h(q) = -3*q**3 - q. Determine h(-2).
26
Let b(k) = -k**3 - 11*k**2 + 27*k - 2. Determine b(-13).
-15
Let g(c) = 8*c**3 - 4*c**2 + 5*c - 5. Give g(2).
53
Let s(x) = 24*x + 678. Calculate s(-28).
6
Let d(p) = -p**2 + 15*p - 6. Calculate d(8).
50
Let m(x) = x**3 - 7*x**2 + 4*x - 8. What is m(6)?
-20
Let l(m) = m**3 - 10*m**2 + 15*m + 9. What is l(8)?
1
Let f(d) = -d**2 + 9*d - 11. What is f(11)?
-33
Let k(b) = 2*b + 19. What is k(-18)?
-17
Let m(q) = -q**2 + 9*q + 16. What is m(13)?
-36
Let n(t) = t - 44. Calculate n(-5).
-49
Let z(d) = -4*d - 7. Give z(-4).
9
Let v(m) = -m**3 + 7*m**2 + m - 20. Give v(6).
22
Let c(l) = -8*l + 255. Give c(31).
7
Let a(x) = -3*x**3 + 75*x**2 + x - 10. Give a(25).
15
Let b(h) = -h**3 - 10*h**2 + 9*h - 22. Calculate b(-11).
0
Let k(f) = 2*f**3 + 16*f**2 + 12*f - 5. Give k(-7).
9
Let q(n) = 15*n + 70. Determine q(-5).
-5
Let a(u) = -5*u**2 - 13*u - 22. Calculate a(-6).
-124
Let v(a) = -4*a**2 + 2*a + 2. Calculate v(-2).
-18
Let a(k) = -k**3 - 16*k**2 + 3*k + 12. Calculate a(-16).
-36
Let v(s) = s**2 - 9*s - 3. What is v(8)?
-11
Let m(l) = 7*l - 1. Calculate m(-3).
-22
Let d(h) = -22*h - 56. Determine d(-4).
32
Let z(a) = a + 15. Give z(-9).
6
Let q(p) = -p + 22. What is q(-18)?
40
Let y(s) = s**3 - 11*s**2 + 21*s + 7. Calculate y(10).
117
Let r(o) = -52*o + 613. Calculate r(12).
-11
Let c(v) = -13*v**3 - v**2 - v + 1. Give c(-1).
14
Let u(c) = -6*c + 5. What is u(-7)?
47
Let w(t) = 11*t + 237. What is w(-19)?
28
Let a(d) = -d**3 - 8*d**2 - 8*d - 14. Give a(-7).
-7
Let m(u) = 73*u - 1025. What is m(14)?
-3
Let l(w) = 20*w + 1. Give l(2).
41
Let r(g) = -3*g**2 + 12*g - 8. Give r(0).
-8
Let y(p) = p - 18. Determine y(5).
-13
Let i(b) = b**2 + 11*b + 21. Determine i(-10).
11
Let m(r) = -r**2 + 9*r - 19. Give m(9).
-19
Let y(l) = -10*l - 59. Give y(-6).
1
Let r(d) = d**2 - 38*d + 144. Give r(34).
8
Let p(y) = -y**3 - 9*y**2 + 8*y + 11. What is p(-5)?
-129
Let c(h) = h**3 - 43*h**2 + 40*h + 56. What is c(42)?
-28
Let x(p) = p**3 + 6*p**2 - 2*p - 13. Give x(-6).
-1
Let s(c) = -c**3 - 9*c**2 - 10*c + 1. Determine s(-8).
17
Let g(y) = -y - 3. Give g(4).
-7
Let v(n) = 2*n**3 - 2*n**2 - 9*n - 2. What is v(-2)?
-8
Let h(o) = -o**3 - 27*o**2 - 24. What is h(-27)?
-24
Let r(w) = 3*w - 99. Calculate r(31).
-6
Let d(h) = -43*h - 309. What is d(-7)?
-8
Let x(w) = -48*w + 195. Calculate x(4).
3
Let o(u) = 2*u**2 - 15*u + 18. What is o(5)?
-7
Let z(g) = -4*g**3 - 3*g**2 + g + 1. What is z(1)?
-5
Let w(u) = -u**3 + 5*u - 11. Calculate w(3).
-23
Let t(o) = -20*o + 224. Give t(10).
24
Let u(l) = l + 5. What is u(0)?
5
Let s(q) = 13*q + 2. Determine s(-5).
-63
Let a(n) = n**3 - 68*n**2 + 133*n - 54. Calculate a(66).
12
Let s(o) = 8*o**2 - 6. What is s(2)?
26
Let y(l) = -l**2 - 7*l + 2. Determine y(-5).
12
Let h(f) = f**3 + 5*f**2 - 19*f + 40. What is h(-8)?
0
Let q(b) = b**3 + 11*b**2 + 25*b + 12. What is q(-3)?
9
Let p(t) = t**2 + 8*t - 7. Give p(-11).
26
Let n(w) = 11*w - 166. Give n(15).
-1
Let x(u) = -10*u**2 - 4*u - 3. Give x(-3).
-81
Let z(y) = y**2 + 2*y - 2. Determine z(3).
13
Let u(k) = k**3 - 11*k**2 - k + 15. Calculate u(11).
4
Let s(q) = 3*q**2 - 18*q + 7. Calculate s(6).
7
Let c(p) = 2*p**2 + 28*p + 32. What is c(-13)?
6
Let z(p) = -p**3 + 20*p**2 + 18*p + 61. Determine z(21).
-2
Let c(n) = -21*n + 7. Give c(-2).
49
Let u(m) = -3*m**2 - m + 15. Give u(7).
-139
Let d(c) = 2*c**2 - 11*c - 2. What is d(6)?
4
Let r(v) = -27*v. Calculate r(-1).
27
Let a(n) = 2*n**2 - 32*n - 35. Give a(17).
-1
Let p(c) = -c**2 + 54*c + 489. Give p(62).
-7
Let b(p) = -3*p - 14. What is b(9)?
-41
Let q(k) = -3*k**3 - 31*k**2 + 20*k - 23. Give q(-11).
-1
Let f(o) = o**3 + 2*o**2 - 5*o + 3. What is f(-4)?
-9
Let k(t) = -t**2 - 21*t + 9. Determine k(-21).
9
Let u(a) = -a**2 - 3*a + 14. What is u(-6)?
-4
Let b(t) = 7*t + 5. Calculate b(-4).
-23
Let z(w) = 9*w - 32. Determine z(12).
76
Let h(o) = o**3 + 17*o**2 - 40*o - 22. What is h(-19)?
16
Let w(g) = g**2 + 7*g + 4. What is w(-6)?
-2
Let s(g) = -g**3 + 63*g**2 - g + 78. Give s(63).
15
Let l(t) = 10*t - 10. Calculate l(8).
70
Let b(f) = 4*f - 9. Determine b(10).
31
Let n(o) = -o**2 - 3*o + 42. Give n(5).
2
Let i(q) = q**3 + 8*q**2 - 2*q - 12. Calculate i(-8).
4
Let p(i) = -21*i. Calculate p(-1).
21
Let q(k) = -3*k - 33. Give q(-12).
3
Let n(q) = -q**2 - 4*q. What is n(-4)?
0
Let z(x) = -47*x - 384. Determine z(-8).
-8
Let h(p) = -2*p + 17. Determine h(0).
17
Let f(z) = -z**3 + 8*z**2 - 7*z + 7. Calculate f(7).
7
Let z(j) = j**3 + j**2 - 9*j - 4. Determine z(-4).
-16
Let u(k) = k**3 - 5*k**2 - 8*k + 15. Determine u(6).
3
Let b(c) = 5*c - 118. Determine b(25).
7
Let y(q) = -3*q + 2. What is y(3)?
-7
Let c(r) = -r**3 + 5*r**2 - 2*r - 5. Give c(5).
-15
Let x(k) = -3*k**2 + 6*k + 7. Calculate x(4).
-17
Let p(q) = 2*q + 12. Calculate p(-14).
-16
Let y(t) = -2*t**3 + t**2 + 2. Give y(3).
-43
Let t(q) = q**3 + 2*q**2 + q + 13. What is t(0)?
13
Let w(i) = -24*i**2 + 1. Calculate w(-1).
-23
Let u(v) = -3*v**3 - 1. What is u(-2)?
23
Let u(o) = 2*o - 1. Determine u(2).
3
Let r(d) = 28*d - 33. What is r(-2)?
-89
Let b(n) = n**2 + 20*n + 10. Give b(-19).
-9
Let m(u) = 3*u**2 - 6*u + 2. What is m(2)?
2
Let q(a) = 5*a**2 - 42*a + 2. Determine q(8).
-14
Let n(z) = z**2 + 26*z + 40. Calculate n(-25).
15
Let t(a) = -18*a**2 + 3*a - 1. Give t(2).
-67
Let x(p) = 6*p - 24. Calculate x(8).
24
Let m(p) = p - 23. Calculate m(-7).
-30
Let i(s) = 2*s**3 - 3*s**2 - 4*s + 4. What is i(3)?
19
Let n(h) = -h**3 - 13*h**2 + 12*h + 132. Calculate n(-13).
-24
Let d(s) = s**3 - 6*s**2 - 4*s + 26. Give d(6).
2
Let y(k) = -2*k + 7. Calculate y(4).
-1
Let j(o) = o**3 + 23*o**2 + 59*o - 4. Calculate j(-3).
-1
Let p(z) = 23*z. What is p(2)?
46
Let q(s) = s**3 + 19*s**2 + 17*s - 13. Give q(-18).
5
Let j(g) = -2*g - 2. Give j(-9).
16
Let f(s) = s**3 + 5*s**2 - 6*s. Determine f(-7).
-56
Let z(f) = 2*f**2 + 14*f + 12. What is z(-6)?
0
Let x(a) = -a**3 + 6*a**2 + 10*a - 5. Determine x(7).
16
Let o(u) = u**3 - 7*u**2 - u - 5. Give o(7).
-12
Let y(s) = s**2 - 7*s - 9. Give y(8).
-1
Let r(t) = 5*t**3 - t**2 - 3*t - 1. Calculate r(-1).
-4
Let w(j) = j**3 + 2*j**2 - 16*j - 46. Calculate w(-4).
-14
Let l(a) = a**3 - 8*a**2 - 6*a - 22. Determine l(9).
5
Let z(b) = 5*b - 24. What is z(4)?
-4
Let n(b) = -7*b - 10. What is n(-6)?
32
Let n(t) = 6*t + 3. Calculate n(-4).
-21
Let m(g) = -g**3 + 12*g**2 + 11*g + 12. Determine m(13).
-14
Let m(d) = d**3 + 23*d**2 + 62*d + 33. Give m(-20).
-7
Let y(f) = -3*f - 13. Give y(0).
-13
Let n(v) = v**3 + 10*v**2 - 7*v + 1. Calculate n(-8).
185
Let x(q) = -2*q**2 - 19*q - 11. What is x(-11)?
-44
Let f(k) = -11*k + 2. What is f(-3)?
35
Let m(r) = -r**3 + 8*r**2 - 10*r + 11. What is m(7)?
-10
Let j(x) = x**3 + 4*x**2 + 2*x + 3. What is j(-3)?
6
Let f(v) = 8*v + 7. Calculate f(-5).
-33
Let k(t) = -t**2 + 17*t + 11. What is k(17)?
11
Let y(o) = 2*o**2 - 12*o + 23. Calculate y(2).
7
Let h(k) = k**3 + 15*k**2 - 6*k - 7. Give h(-15).
83
Let x(w) = 3*w**2 + 3*w - 69. Determine x(-5).
-9
Let d(a) = 7*a + 33. What is d(-14)?
-65
Let b(m) = m**2 + 2*m - 114. Calculate b(0).
-114
Let r(l) = l + 24. What is r(-14)?
10
Let d(t) = t**3 + t**2 - 15*t + 6. Determine d(-5).
-19
Let f(w) = 6*w - 124. Determine f(22).
8
Let m(x) = x**2 + 2*x + 1. Calculate m(-4).
9
Let f(z) = z**2 - 7*z. Calculate f(5).
-10
Let h(f) = -2*f + 25. What is h(12)?
1
Let p(b) = -6*b - 30. Calculate p(-4).
-6
Let b(a) = -a**3 - 22*a**2 + 3*a + 63. Calculate b(-22).
-3
Let z(p) = p**2 + 9*p + 10. Determine z(-10).
20
Let d(o) = -o**2 - 8*o + 24. Determine d(-10).
4
Let b(t) = 35*t + 66. Give b(-2).
-4
Let p(n) = -n**3 + 7*n**2 + 11*n + 5. Determine p(8).
29
Let r(c) = -11*c + 2. Determine r(2).
-20
Let i(o) = 47*o + 137. Determine i(-4).
-51
Let o(p) = 9*p - 186. Calculate o(19).
-15
Let m(p) = p**3 + 8*p**2 - 9*p + 12. Give m(-10).
-98
Let z(q) = q**3 - q + 9. Determine z(0).
9
Let p(o) = -39*o**2 - 11*o + 10. Give p(1).
-40
Let 